se -12*d + 3*m = -x*d - 29, -d = -4*m + 1. Calculate the highest common factor of d and 182.
7
Suppose 0 = -2*x - 8, 0*d - 3*d = -x - 10. Let u be (-11 + 11)*1/d. Suppose -150 + u = -3*n. Calculate the highest common factor of 10 and n.
10
Let u be 24/16*11/6*16. Calculate the highest common factor of u and 1804.
44
Let x be (-8)/(-44) - 150/(-22). Calculate the greatest common factor of 189 and x.
7
Let q(n) = -34 + 0 - 12*n + 5*n + 5*n**2. Let k be q(-5). Calculate the highest common divisor of k and 14.
14
Suppose -u - u + 20 = 0. Let w = u - 1. Let z be ((-4)/(-8))/((-1)/2) - -73. Calculate the greatest common factor of z and w.
9
Let j be 9*300/(-18)*1. Let l = 312 + j. What is the greatest common divisor of 18 and l?
18
Let r be 4/(1 - 0) + 624/208. What is the greatest common factor of r and 1589?
7
Suppose -3*o = -5*p + 2137, 4*o + 1864 = 4*p + 148. What is the highest common divisor of 25 and p?
25
Let m = 26 + -9. Suppose 4*r = -4 + 20. Suppose -3*y + r*o = -255, o = -5*y + 5*o + 425. Calculate the greatest common divisor of y and m.
17
Let r = 1 - -1. Suppose 18 = r*y - 22. Let g be -2 + 35 - -5 - -2. What is the highest common divisor of g and y?
20
Let s = -2 - -7. Suppose -3*u + v + 0*v + 5 = 0, -2 = -2*u + 2*v. Suppose 5 = a - m, a + u*a - s*m = 5. What is the greatest common divisor of a and 50?
10
Let k(c) be the second derivative of c**4/6 + c**3/6 + 3*c**2/2 - c. Let z be k(2). Suppose -s + 51 = 12. Calculate the greatest common factor of s and z.
13
Let v(w) = -2*w**3 + 40*w**2 + 25*w + 61. Let u be v(20). What is the greatest common divisor of u and 17?
17
Let z(h) be the third derivative of h**6/120 + h**5/30 - h**4/6 + 5*h**3/3 - 20*h**2. Let f be z(4). What is the highest common factor of f and 10?
10
Let o = -16 + 34. Let m(w) = w**2 + 36*w + 179. Let v be m(-35). Calculate the greatest common divisor of o and v.
18
Let u be (6/5)/(48/1360). Calculate the highest common factor of 68 and u.
34
Let o(b) = 0*b - 5 + 2*b - 4*b - 24*b**3 + 4. Let p be o(-1). What is the highest common divisor of p and 5?
5
Let s = 1 + 14. Suppose -5*n + 4 = -3*n. Suppose 2*w + 3 = -v + 11, n*v = 5*w + 7. What is the greatest common divisor of s and v?
3
Suppose -2*f - 24 + 38 = 0. Suppose 4*j - 62 = -2*t, 42 = 3*j - f*t + 10*t. Calculate the highest common factor of j and 68.
17
Suppose 4*l = 3*l + 5*m + 88, -2*m - 424 = -4*l. Calculate the greatest common divisor of l and 135.
27
Let n(q) = -q**3 + 11*q**2 - 10*q - 16. Let w be n(6). Calculate the greatest common divisor of w and 26.
26
Let k = 1158 + -1097. What is the greatest common factor of 854 and k?
61
Suppose -1 = b - 3*n + 2*n, -3*b = 4*n - 25. What is the highest common factor of b and 321?
3
Let m(o) = -o**2 + 19*o + 354. Let c be m(-11). Calculate the greatest common divisor of 768 and c.
24
Let i = -69 + 59. Let o(j) = j + 1. Let h be o(2). Let f = h - i. Calculate the highest common factor of 91 and f.
13
Let v = 1421 + -710. What is the greatest common divisor of v and 79?
79
Let n = -1226 + 1354. What is the greatest common divisor of n and 16?
16
Let k(l) = -2*l**2 - 32*l - 11. Let y be k(-9). What is the greatest common divisor of y and 69?
23
Let p(l) = -10*l + 147. Let u(r) = -3*r + 49. Let w(n) = -2*p(n) + 7*u(n). Let m be w(0). Let f = m - 23. Calculate the highest common factor of 65 and f.
13
Suppose -5*h + 2 = 7. Let j(f) = 309*f**2 - f. Let c be j(h). Calculate the highest common factor of 31 and c.
31
Suppose 0*r - 104 = -4*r. Suppose -6 = 2*h - 4*h. Suppose -y - h*n + 136 = 4*y, 4*y - 108 = -2*n. Calculate the greatest common factor of r and y.
26
Let a(p) = 20 - 3*p - 10*p + 5*p - 5*p. Let y be a(-10). Calculate the highest common divisor of y and 30.
30
Let n = 318 - 305. What is the greatest common divisor of n and 13?
13
Let y(n) = 2*n + 30 - 13 - 9 - 3*n**3 + 0*n**2 - n**2. Let d be y(-2). Calculate the greatest common divisor of 32 and d.
8
Let q = -193 - -355. What is the greatest common divisor of 6 and q?
6
Let n = -369 + 687. Let y be (0 + 4)/8*n. What is the greatest common divisor of y and 53?
53
Let y be 5 + -10 + 0 + 6. What is the highest common divisor of y and 17?
1
Suppose 27*t = -9*t + 2592. Calculate the greatest common factor of 648 and t.
72
Suppose 0 = -z + 5*m + 92 + 91, -5*z = m - 785. What is the greatest common factor of z and 553?
79
Let s be ((-42)/(-12))/(2/20). Calculate the highest common divisor of 21 and s.
7
Suppose 18*d + 810 = 8*d. Let s = d - -111. Calculate the greatest common factor of 20 and s.
10
Let i be 4 - 1 - (-170)/2. Suppose 96 = -d - d. Let v = d + i. What is the greatest common factor of 20 and v?
20
Suppose 2*x + x - 171 = 0. Suppose x = 3*m - 3*j, 2*m + j - 41 = -0*j. Let n = 205 - -15. What is the greatest common divisor of m and n?
20
Let a(b) = 2*b**3 - 28*b**2 + 31*b + 10. Let p be a(13). Calculate the highest common divisor of p and 175.
25
Suppose 0*o - 4*o + 60 = 0. Let t = -8 - -8. Let v(s) = -2*s + 60. Let h be v(t). Calculate the highest common factor of o and h.
15
Let n = 35 - -16. Suppose -k + 27 = -n. Let t be ((-4)/(-3))/((-10)/(-195)). Calculate the highest common factor of t and k.
26
Let o(k) = 16*k**2 + 5*k + 1. Let n be o(2). What is the greatest common factor of n and 135?
15
Let y be 3 - (763/(-5) - (-2)/(-5)). Calculate the highest common factor of 78 and y.
78
Let j(u) = 41*u. Let z be j(1). Let i = z - -4. Let s = -6 - -11. Calculate the highest common divisor of i and s.
5
Let j(r) = 7*r**2 - 5*r + 24. Let y be j(3). What is the greatest common divisor of y and 84?
12
Let c = -18 - -40. Let g be (-20)/(-4) + (-3 - -3). Suppose 0 = 5*l + g, 2*m - m + l = 21. What is the highest common divisor of m and c?
22
Let b be 10/(-5) + 5 + 0. Calculate the greatest common factor of b and 78.
3
Let u = 2221 + -2060. What is the highest common divisor of u and 115?
23
Let x = 139 - 67. Let u(m) = -3 + 18*m + 10*m**2 - 11*m**2 - 6*m. Let o be u(11). Calculate the highest common divisor of x and o.
8
Suppose -5*o + 15 = -10. Suppose -39*g + 42*g = 60. Calculate the greatest common factor of o and g.
5
Let m(d) = -d - 7. Suppose 27*x - 30 = 30*x. Let a be m(x). Suppose 2*u + 66 = a*u. Calculate the highest common factor of u and 6.
6
Suppose 16*q = 4806 + 4010. Calculate the greatest common divisor of 116 and q.
29
Let t = 369 + 252. Calculate the highest common divisor of 27 and t.
27
Let r(z) be the first derivative of -35*z**2/2 - 5*z + 10. Let u be r(-2). Calculate the greatest common factor of 13 and u.
13
Let r(t) = 4*t - 7. Let f be r(8). Let a be 10/f*20*4. Calculate the highest common divisor of 8 and a.
8
Suppose 1462 = -38*w + 55*w. Calculate the greatest common factor of 8 and w.
2
Suppose -32 = 10*m + 108. Let z = 24 + m. What is the greatest common factor of 110 and z?
10
Let s(u) = -u**2 - 4*u + 6. Let a be s(-5). Let x be a/(13/(-4) + 3). Let k(v) = -12*v + 8. Let r be k(x). What is the highest common factor of r and 14?
14
Suppose 0*k = 2*k - 36. Suppose 4*u = -m + 70, -30 = -14*u + 12*u - 3*m. Calculate the highest common divisor of k and u.
18
Let s(u) = 22*u + 48. Let d be s(3). Calculate the greatest common factor of d and 304.
38
Let h = -134 + 225. What is the greatest common divisor of 13 and h?
13
Suppose -8*i = -84 - 156. What is the greatest common factor of i and 10?
10
Let z(r) = 3*r**2 - 15*r - 9. Suppose -6*c + 96 = 6*c. Let p be z(c). What is the greatest common divisor of 21 and p?
21
Let a = 31 - 16. Let c be (a/6)/((-2)/(-4)). Suppose j = -2*x + 31, 3*j = x - 0*x - c. What is the greatest common divisor of 35 and x?
7
Suppose 0 = 710*v - 773*v + 2079. Let w = 1 + 2. What is the highest common divisor of v and w?
3
Let x(w) = 16*w + 545. Let k be x(-34). Let d(b) = -b**2 + 6*b - 5. Let r be d(4). What is the greatest common factor of r and k?
1
Let s(j) = -j**3 - 10*j**2 + 14*j + 6. Let f be s(-12). Let n = -123 + f. What is the highest common factor of n and 6?
3
Suppose -56*w - 66 = -59*w. Suppose -4*y + 38 = -106. Suppose -4*z - 4*u = -60, 5*u = 4*z + 12 - y. Calculate the highest common divisor of w and z.
11
Let y(p) = 983*p**2 + 3*p - 2. Let q be y(1). Suppose 8*d - 312 - q = 0. What is the highest common divisor of 18 and d?
18
Suppose 2*h + b = 85, -2*b -